{"id":717,"date":"2024-01-15T10:49:48","date_gmt":"2024-01-15T10:49:48","guid":{"rendered":"https:\/\/sunemagnusson.se\/?page_id=717"},"modified":"2024-08-24T08:29:15","modified_gmt":"2024-08-24T08:29:15","slug":"evenemang-2023","status":"publish","type":"page","link":"https:\/\/sunemagnusson.se\/?page_id=717","title":{"rendered":"Evenemang 2023"},"content":{"rendered":"\n<p><strong>11 februari<\/strong><\/p>\n\n\n\n<p>S\u00e5ng och musik f\u00f6r en privat minnesstund p\u00e5 Unionens serviceboende Huskvarna.<\/p>\n\n\n\n<p><strong>15 februari<\/strong><\/p>\n\n\n\n<p>S\u00e5ng och musik vid \u00e5rsm\u00f6te f\u00f6r SPF-Seniorerna i Huskvarna i Ekumenska kyrkan Huskvarna.<\/p>\n\n\n\n<p><strong>4 maj <\/strong><\/p>\n\n\n\n<p>Gamla k\u00e4nda l\u00e5tar samt alls\u00e5ng f\u00f6r SPF-Seniorerna i Vaggeryd i Ekumenska kyrkan Vaggeryd.<\/p>\n\n\n\n<p><strong>6 juni<\/strong><\/p>\n\n\n\n<p>Nationaldagsfirande &#8211; Nationaldagstal, Nationals\u00e5ngen s\u00e5ng och musik i Hembygdsparken Mariannelund.<\/p>\n\n\n\n<p><strong>15 juni<\/strong><\/p>\n\n\n\n<p>S\u00e5ng och musik och alls\u00e5ng f\u00f6r SPF-Seniorerna i Ydre\/\u00d6sterbymo p\u00e5 Sol\u00e4ngens \u00e4ldreboende i Ydre.<\/p>\n\n\n\n<p><strong>23 juni<\/strong><\/p>\n\n\n\n<p>S\u00e5ng och musik och danslekar kring midsommarst\u00e5ngen f\u00f6r H\u00e4stskons sommarhusf\u00f6rening \u00d6stra stranden Halmstad.<\/p>\n\n\n\n<p><strong>12 december<\/strong><\/p>\n\n\n\n<p>S\u00e5ng och musik, Juls\u00e5nger och Alls\u00e5ng f\u00f6r SPF-Seniorerna i Huskvarna i Ekumeniakyrkan i Huskvarna.<\/p>\n\n\n\n<hr class=\"wp-block-separator has-alpha-channel-opacity is-style-default\"\/>\n","protected":false},"excerpt":{"rendered":"<p>11 februari S\u00e5ng och musik f\u00f6r en privat minnesstund p\u00e5 Unionens serviceboende Huskvarna. 15 februari S\u00e5ng och musik vid \u00e5rsm\u00f6te f\u00f6r SPF-Seniorerna i Huskvarna i Ekumenska kyrkan Huskvarna. 4 maj Gamla k\u00e4nda l\u00e5tar samt alls\u00e5ng f\u00f6r SPF-Seniorerna i Vaggeryd i Ekumenska kyrkan Vaggeryd. 6 juni Nationaldagsfirande &#8211; Nationaldagstal, Nationals\u00e5ngen s\u00e5ng och musik i Hembygdsparken Mariannelund. [&hellip;]<\/p>\n","protected":false},"author":2,"featured_media":383,"parent":29,"menu_order":2,"comment_status":"closed","ping_status":"closed","template":"","meta":{"footnotes":""},"_links":{"self":[{"href":"https:\/\/sunemagnusson.se\/index.php?rest_route=\/wp\/v2\/pages\/717"}],"collection":[{"href":"https:\/\/sunemagnusson.se\/index.php?rest_route=\/wp\/v2\/pages"}],"about":[{"href":"https:\/\/sunemagnusson.se\/index.php?rest_route=\/wp\/v2\/types\/page"}],"author":[{"embeddable":true,"href":"https:\/\/sunemagnusson.se\/index.php?rest_route=\/wp\/v2\/users\/2"}],"replies":[{"embeddable":true,"href":"https:\/\/sunemagnusson.se\/index.php?rest_route=%2Fwp%2Fv2%2Fcomments&post=717"}],"version-history":[{"count":7,"href":"https:\/\/sunemagnusson.se\/index.php?rest_route=\/wp\/v2\/pages\/717\/revisions"}],"predecessor-version":[{"id":794,"href":"https:\/\/sunemagnusson.se\/index.php?rest_route=\/wp\/v2\/pages\/717\/revisions\/794"}],"up":[{"embeddable":true,"href":"https:\/\/sunemagnusson.se\/index.php?rest_route=\/wp\/v2\/pages\/29"}],"wp:featuredmedia":[{"embeddable":true,"href":"https:\/\/sunemagnusson.se\/index.php?rest_route=\/wp\/v2\/media\/383"}],"wp:attachment":[{"href":"https:\/\/sunemagnusson.se\/index.php?rest_route=%2Fwp%2Fv2%2Fmedia&parent=717"}],"curies":[{"name":"wp","href":"https:\/\/api.w.org\/{rel}","templated":true}]}}