{"id":31,"date":"2015-12-21T17:43:46","date_gmt":"2015-12-21T17:43:46","guid":{"rendered":"http:\/\/sunemagnusson.se\/?page_id=31"},"modified":"2024-01-15T10:16:25","modified_gmt":"2024-01-15T10:16:25","slug":"sida-3","status":"publish","type":"page","link":"https:\/\/sunemagnusson.se\/?page_id=31","title":{"rendered":"Mitt Arrangemang"},"content":{"rendered":"<hr \/>\n<p>&nbsp;<\/p>\n<p><strong>Sjunger\u00a0 till\u00a0\u00a0 f\u00f6rinspelade\u00a0 musikbakgrunder.<\/strong><\/p>\n<p><strong>Evenemang:<\/strong>\u00a0 Alls\u00e5nger, visor, evergreens, schlagers \/ ballader, pop &amp; rock,\u00a0 svensktopps- och dansbandsl\u00e5tar, popul\u00e4rmusik\u00a0 samt andliga- och juls\u00e5nger.<\/p>\n<p><strong>Temaprogram t.ex:\u00a0 <\/strong>Alf Robertsson \/ Evert Taube,\u00a0 Elvis Presley \/ Christer Sj\u00f6gren m.fl.<\/p>\n<p><strong>Ex. p\u00e5\u00a0 covers\u00a0 l\u00e5tar\u00a0 fr\u00e5n;<\/strong>\u00a0 Elvis Presley , Tom Johns ,\u00a0 Elton John , E. Humperdink , Julio Iglesias , Jonny Cash , Bellamy Brothers.<\/p>\n<p>Sjunger ocks\u00e5 ett antal s\u00e5nger p\u00e5 tyska.\u00a0 N\u00e5gon historia och vits som komplement till s\u00e5ngerna och musiken.<\/p>\n<p><strong>NYHET ! \u00a0 MUSIKQUIZ.<\/strong><\/p>\n","protected":false},"excerpt":{"rendered":"<p>&nbsp; Sjunger\u00a0 till\u00a0\u00a0 f\u00f6rinspelade\u00a0 musikbakgrunder. Evenemang:\u00a0 Alls\u00e5nger, visor, evergreens, schlagers \/ ballader, pop &amp; rock,\u00a0 svensktopps- och dansbandsl\u00e5tar, popul\u00e4rmusik\u00a0 samt andliga- och juls\u00e5nger. Temaprogram t.ex:\u00a0 Alf Robertsson \/ Evert Taube,\u00a0 Elvis Presley \/ Christer Sj\u00f6gren m.fl. Ex. p\u00e5\u00a0 covers\u00a0 l\u00e5tar\u00a0 fr\u00e5n;\u00a0 Elvis Presley , Tom Johns ,\u00a0 Elton John , E. Humperdink , Julio Iglesias [&hellip;]<\/p>\n","protected":false},"author":1,"featured_media":0,"parent":0,"menu_order":0,"comment_status":"closed","ping_status":"closed","template":"page-full.php","meta":{"footnotes":""},"_links":{"self":[{"href":"https:\/\/sunemagnusson.se\/index.php?rest_route=\/wp\/v2\/pages\/31"}],"collection":[{"href":"https:\/\/sunemagnusson.se\/index.php?rest_route=\/wp\/v2\/pages"}],"about":[{"href":"https:\/\/sunemagnusson.se\/index.php?rest_route=\/wp\/v2\/types\/page"}],"author":[{"embeddable":true,"href":"https:\/\/sunemagnusson.se\/index.php?rest_route=\/wp\/v2\/users\/1"}],"replies":[{"embeddable":true,"href":"https:\/\/sunemagnusson.se\/index.php?rest_route=%2Fwp%2Fv2%2Fcomments&post=31"}],"version-history":[{"count":11,"href":"https:\/\/sunemagnusson.se\/index.php?rest_route=\/wp\/v2\/pages\/31\/revisions"}],"predecessor-version":[{"id":485,"href":"https:\/\/sunemagnusson.se\/index.php?rest_route=\/wp\/v2\/pages\/31\/revisions\/485"}],"wp:attachment":[{"href":"https:\/\/sunemagnusson.se\/index.php?rest_route=%2Fwp%2Fv2%2Fmedia&parent=31"}],"curies":[{"name":"wp","href":"https:\/\/api.w.org\/{rel}","templated":true}]}}