{"id":148,"date":"2016-12-12T16:32:20","date_gmt":"2016-12-12T16:32:20","guid":{"rendered":"http:\/\/sunemagnusson.se\/?page_id=148"},"modified":"2024-01-15T10:27:54","modified_gmt":"2024-01-15T10:27:54","slug":"evenemang-2017","status":"publish","type":"page","link":"https:\/\/sunemagnusson.se\/?page_id=148","title":{"rendered":"Evenemang 2017"},"content":{"rendered":"\n<hr class=\"wp-block-separator has-text-color has-background has-black-background-color has-black-color\"\/>\n\n\n\n<p class=\"has-text-align-left\"><strong>Den 10 januari &nbsp;PRO-f\u00f6reningen , Aneby.<\/strong> S\u00e5ng- och musikunderh\u00e5llning i Allianskyrkan, antal \u00e5h\u00f6rare 100 personer.<\/p>\n\n\n\n<p class=\"has-text-align-left\"><strong>Den 16 februari &nbsp;PRO-f\u00f6reningen, Lysekil. &nbsp;<\/strong>S\u00e5ng- och musikunderh\u00e5llning i Folkets Hus, antal \u00e5h\u00f6rare \u00f6ver 90 personer.<\/p>\n\n\n\n<p class=\"has-text-align-left\"><strong>Den 23 februari &nbsp;Stora Enco Pension\u00e4rsf\u00f6rening, J\u00f6nk\u00f6ping. <\/strong>&nbsp;S\u00e5ng- och musikunderh\u00e5llning i Restaurang Enkelt, Torsvik, &nbsp;antal \u00e5h\u00f6rare 30 personer.<\/p>\n\n\n\n<p class=\"has-text-align-left\"><strong>Den 16 mars &nbsp;PRO-f\u00f6reningen, Norrahammar. &nbsp;<\/strong>S\u00e5ng- och musikunderh\u00e5llning i Folkets Hus. &nbsp;70-talet \u00e5h\u00f6rare.<\/p>\n\n\n\n<p class=\"has-text-align-left\"><strong>Den 26 april &nbsp;PRO-f\u00f6reningen, Huskvarna.&nbsp;<\/strong>S\u00e5ng- och musikunderh\u00e5llning i Folkets hus med&nbsp;Glada R\u00f6sters k\u00f6r, Huskvarna som k\u00f6rmedlem&nbsp;tillsammans med k\u00f6rledare&nbsp;Gunnar Andersson och musiker Christer M\u00f6ller, Huskvarna.<\/p>\n\n\n\n<p class=\"has-text-align-left\"><strong>Den 10 maj SPF-Seniorerna, Huskvarna.&nbsp;Mannek\u00e4ng deltagare<\/strong> f\u00f6r Seniorshoppen, J\u00f6nk\u00f6ping i Seniorboende Union:s restaurang i Huskvarna.<\/p>\n\n\n\n<p class=\"has-text-align-left\"><strong>Den 17 maj &nbsp;SPF-Seniorerna, N\u00e4ssj\u00f6.&nbsp;<\/strong>S\u00e5ng- och musikunderh\u00e5llning i &nbsp;Sandsj\u00f6 &nbsp;W\u00e4rdshus och Konferens, Sandsj\u00f6fors vid SPF:s v\u00e5ravslutnings middag inf\u00f6r 60 deltagare.<\/p>\n\n\n\n<p class=\"has-text-align-left\"><strong>Den 23 maj &nbsp;J\u00f6nk\u00f6pings kommun, \u00c4ldreomsorgen.&nbsp;<\/strong>S\u00e5ng- och musikunderh\u00e5llning med Musik-Quiz vid&nbsp;<strong>Tr\u00e4ffpunkt H\u00f6rnan, Huskvarna.<\/strong><\/p>\n\n\n\n<p class=\"has-text-align-left\"><strong>Den 27 maj &nbsp;Anja Folkesson, Habo.&nbsp;<\/strong>S\u00e5ng- och musikunderh\u00e5llning utomhus i tr\u00e4dg\u00e5rden vid 70 \u00e5rsfesten.<\/p>\n\n\n\n<p class=\"has-text-align-left\"><strong>Den 7 juni &nbsp;SPF-Seniorerna, Huskvarna.<\/strong>&nbsp;S\u00e5ng- och musikunderh\u00e5llning vid Seniorboende Union:s restaurang i Huskvarna.<\/p>\n\n\n\n<p class=\"has-text-align-left\"><strong>Den 14 juni &nbsp; J\u00f6nk\u00f6pings kommun, \u00c4ldreomsorgen. &nbsp;Seniorcaf\u00e9 <\/strong>med&nbsp;program &#8221; Schlager- och dansbandsl\u00e5tar &#8221;&nbsp;vid Union Seniorboende:s restaurang i Huskvarna inf\u00f6r 65 \u00e5h\u00f6rare. En gl\u00e4djande h\u00e4lsning fr\u00e5n tre galanta damer: &#8221; <em>Du f\u00e5r stort <strong>A<\/strong> &nbsp;f\u00f6r framf\u00f6rande och l\u00e5tval och du skall veta att det \u00e4r inte m\u00e5nga som f\u00e5r &#8221;<\/em>, som tack f\u00f6r underh\u00e5llningen.<\/p>\n\n\n\n<p class=\"has-text-align-left\"><strong>Den 21 augusti Senior Tr\u00e4ffpunkt Baronen, Gr\u00e4nna.&nbsp;<\/strong>S\u00e5ng- och musikunderh\u00e5llning.<\/p>\n\n\n\n<p class=\"has-text-align-left\"><strong>Den 13 september \u00c4ldreboende Kavlag\u00e5rden Huskvarna.&nbsp;<\/strong>Kr\u00e4ftfest och dans med s\u00e5ng- och musikunderh\u00e5llning.<\/p>\n\n\n\n<p class=\"has-text-align-left\"><strong>Den 22 november PRO-Vimmerby. <\/strong>S\u00e5ng- och musikunderh\u00e5llning vid Julbordsfest, 90-talet \u00e5h\u00f6rare. Lokal: Restaurangskolan, Vimmerby.<\/p>\n\n\n\n<p class=\"has-text-align-left\"><strong>Den 29 november Pingstkyrkan, Huskvarna.<\/strong> K\u00f6rmedlem i &#8221;Glada R\u00f6sters k\u00f6r, Huskvarna&#8221;.<\/p>\n\n\n\n<p class=\"has-text-align-left\"><strong>Den 30 november Veteranpoolen J\u00f6nk\u00f6ping\/V\u00e4rnamo.<\/strong> Julfest med dans f\u00f6r c:a 100 veteraner. Lokal: Tvetag\u00e5rden, Huskvarna.<\/p>\n\n\n\n<p class=\"has-text-align-left\">Bl.a kommande uppdrag <strong>sommaren 2018<\/strong>&nbsp;i \u00d6sterbotten Finland, under &#8221;Jakobstads dagarna&#8221; den 22 &#8211; 29 juli p\u00e5 stora scenen. &#8221;Mon\u00e4srodden&#8221; i Mon\u00e4s&nbsp; den 21 juli p\u00e5 ett lastbilsflak.&nbsp; Hagalunds Pension\u00e4rscenter.<\/p>\n\n\n\n<p class=\"has-text-align-left\">Den 14 augusti&nbsp; grillfest f\u00f6r SPF-Seniorerna Vimmerby i Brunnsparken S\u00f6dra Vi.<\/p>\n\n\n\n<p class=\"has-text-align-left\"><strong>&nbsp; &nbsp;<\/strong><\/p>\n","protected":false},"excerpt":{"rendered":"<p>Den 10 januari &nbsp;PRO-f\u00f6reningen , Aneby. S\u00e5ng- och musikunderh\u00e5llning i Allianskyrkan, antal \u00e5h\u00f6rare 100 personer. Den 16 februari &nbsp;PRO-f\u00f6reningen, Lysekil. &nbsp;S\u00e5ng- och musikunderh\u00e5llning i Folkets Hus, antal \u00e5h\u00f6rare \u00f6ver 90 personer. Den 23 februari &nbsp;Stora Enco Pension\u00e4rsf\u00f6rening, J\u00f6nk\u00f6ping. &nbsp;S\u00e5ng- och musikunderh\u00e5llning i Restaurang Enkelt, Torsvik, &nbsp;antal \u00e5h\u00f6rare 30 personer. Den 16 mars &nbsp;PRO-f\u00f6reningen, Norrahammar. &nbsp;S\u00e5ng- [&hellip;]<\/p>\n","protected":false},"author":1,"featured_media":0,"parent":0,"menu_order":0,"comment_status":"closed","ping_status":"closed","template":"","meta":{"footnotes":""},"_links":{"self":[{"href":"https:\/\/sunemagnusson.se\/index.php?rest_route=\/wp\/v2\/pages\/148"}],"collection":[{"href":"https:\/\/sunemagnusson.se\/index.php?rest_route=\/wp\/v2\/pages"}],"about":[{"href":"https:\/\/sunemagnusson.se\/index.php?rest_route=\/wp\/v2\/types\/page"}],"author":[{"embeddable":true,"href":"https:\/\/sunemagnusson.se\/index.php?rest_route=\/wp\/v2\/users\/1"}],"replies":[{"embeddable":true,"href":"https:\/\/sunemagnusson.se\/index.php?rest_route=%2Fwp%2Fv2%2Fcomments&post=148"}],"version-history":[{"count":36,"href":"https:\/\/sunemagnusson.se\/index.php?rest_route=\/wp\/v2\/pages\/148\/revisions"}],"predecessor-version":[{"id":712,"href":"https:\/\/sunemagnusson.se\/index.php?rest_route=\/wp\/v2\/pages\/148\/revisions\/712"}],"wp:attachment":[{"href":"https:\/\/sunemagnusson.se\/index.php?rest_route=%2Fwp%2Fv2%2Fmedia&parent=148"}],"curies":[{"name":"wp","href":"https:\/\/api.w.org\/{rel}","templated":true}]}}