{"id":146,"date":"2016-12-12T16:30:27","date_gmt":"2016-12-12T16:30:27","guid":{"rendered":"http:\/\/sunemagnusson.se\/?page_id=146"},"modified":"2024-01-15T10:28:10","modified_gmt":"2024-01-15T10:28:10","slug":"evenemang-2016","status":"publish","type":"page","link":"https:\/\/sunemagnusson.se\/?page_id=146","title":{"rendered":"Evenemang 2016"},"content":{"rendered":"\n<hr class=\"wp-block-separator has-text-color has-background has-black-background-color has-black-color\"\/>\n\n\n\n<p><strong>Medverkat med s\u00e5ng- och musikunderh\u00e5llning &nbsp;\u00e5r 2016.<\/strong><\/p>\n\n\n\n<p><em><strong>Januari &nbsp;&#8212; Maj &nbsp;inga uppdrag p\u00e5 grund av sjukdom.<\/strong><\/em><\/p>\n\n\n\n<p><strong>Den 19 maj &nbsp;&#8221;SPF-f\u00f6reningen&#8221;, <\/strong>\u00d6lmstad, &nbsp;lokal: Vistavallen.<\/p>\n\n\n\n<p><strong>Den 31 maj &nbsp;&#8221;M\u00f6tesplats f\u00f6r Seniorer&#8221;, <\/strong>J\u00f6nk\u00f6ping, &nbsp;lokal: Fr\u00e4lsningsarm\u00e9n, Klostergatan.<\/p>\n\n\n\n<p><strong>Den 1 juni<\/strong> &nbsp;<strong>som &nbsp;medlem i &#8221;Glada R\u00f6sters k\u00f6r&#8221;,<\/strong> Huskvarna, &nbsp;lokal: Pingstkyrkan.<\/p>\n\n\n\n<p><strong>Den 20 juli<\/strong> &nbsp;<strong>&#8221;Jakobstad dagarna&#8221;&nbsp;<\/strong>mellan 19\/7 &#8211; 26\/7, Jakobstad, \u00d6sterbotten Finland, plats: Stora scenen i Skolparken.<\/p>\n\n\n\n<p><strong>Den 3 september &nbsp;&#8221;Tr\u00e4dg\u00e5rdscaf\u00e9t i Smedbyn,<\/strong> Huskvarna vid &#8221;Fallens dag&#8221; &nbsp;plats: utomhus serveringen.<\/p>\n\n\n\n<p><strong>Den 24 september &nbsp;&#8221;Finska f\u00f6reningen&#8221;&nbsp;<\/strong> vid Karaoke- och dansafton, Huskvarna &nbsp;lokal: Tvetag\u00e5rden.<\/p>\n\n\n\n<p><strong>Den 24 oktober &nbsp;&#8221;Tr\u00e4ffpunkt f\u00f6r \u00e4ldre&#8221;,<\/strong> Huskvarna, &nbsp;lokal: H\u00f6rnan.<\/p>\n\n\n\n<p><strong>Den 29 oktober &nbsp;&#8221;Hj\u00e4rt- och Lungsjukas f\u00f6rening,<\/strong> N\u00e4ssj\u00f6, &nbsp;lokal: Trasten.<\/p>\n\n\n\n<p><strong>Den 16 november &nbsp;&#8221;Svenska kyrkan&#8221;,<\/strong> Los Cristianos, Teneriffa, Spanien, Musikcaf\u00e9: &#8221;Mitt i byn Musikquiz med Sune&#8221;.<\/p>\n\n\n\n<p><strong>Den 2 december &nbsp;&#8221;Veteranpoolen&#8221;<\/strong>, J\u00f6nk\u00f6ping-Huskvarna, julfest med dans f\u00f6r personalen.<\/p>\n\n\n\n<p><strong>Den 7 december &nbsp;som medlem i &#8221;Glada R\u00f6sters k\u00f6r&#8221;,<\/strong> Huskvarna med juls\u00e5nger, lokal: Pingstkyrkan.<\/p>\n\n\n\n<p><strong>Den 8 december &nbsp;&#8221;PRO-f\u00f6reningen&#8221;,<\/strong> Forserum, julfest f\u00f6r volont\u00e4rer, &nbsp;lokal: Forserumskrogen.<\/p>\n","protected":false},"excerpt":{"rendered":"<p>Medverkat med s\u00e5ng- och musikunderh\u00e5llning &nbsp;\u00e5r 2016. Januari &nbsp;&#8212; Maj &nbsp;inga uppdrag p\u00e5 grund av sjukdom. Den 19 maj &nbsp;&#8221;SPF-f\u00f6reningen&#8221;, \u00d6lmstad, &nbsp;lokal: Vistavallen. Den 31 maj &nbsp;&#8221;M\u00f6tesplats f\u00f6r Seniorer&#8221;, J\u00f6nk\u00f6ping, &nbsp;lokal: Fr\u00e4lsningsarm\u00e9n, Klostergatan. Den 1 juni &nbsp;som &nbsp;medlem i &#8221;Glada R\u00f6sters k\u00f6r&#8221;, Huskvarna, &nbsp;lokal: Pingstkyrkan. Den 20 juli &nbsp;&#8221;Jakobstad dagarna&#8221;&nbsp;mellan 19\/7 &#8211; 26\/7, Jakobstad, \u00d6sterbotten [&hellip;]<\/p>\n","protected":false},"author":1,"featured_media":0,"parent":0,"menu_order":0,"comment_status":"closed","ping_status":"closed","template":"","meta":{"footnotes":""},"_links":{"self":[{"href":"https:\/\/sunemagnusson.se\/index.php?rest_route=\/wp\/v2\/pages\/146"}],"collection":[{"href":"https:\/\/sunemagnusson.se\/index.php?rest_route=\/wp\/v2\/pages"}],"about":[{"href":"https:\/\/sunemagnusson.se\/index.php?rest_route=\/wp\/v2\/types\/page"}],"author":[{"embeddable":true,"href":"https:\/\/sunemagnusson.se\/index.php?rest_route=\/wp\/v2\/users\/1"}],"replies":[{"embeddable":true,"href":"https:\/\/sunemagnusson.se\/index.php?rest_route=%2Fwp%2Fv2%2Fcomments&post=146"}],"version-history":[{"count":25,"href":"https:\/\/sunemagnusson.se\/index.php?rest_route=\/wp\/v2\/pages\/146\/revisions"}],"predecessor-version":[{"id":713,"href":"https:\/\/sunemagnusson.se\/index.php?rest_route=\/wp\/v2\/pages\/146\/revisions\/713"}],"wp:attachment":[{"href":"https:\/\/sunemagnusson.se\/index.php?rest_route=%2Fwp%2Fv2%2Fmedia&parent=146"}],"curies":[{"name":"wp","href":"https:\/\/api.w.org\/{rel}","templated":true}]}}